{"id":912,"date":"2025-05-05T12:28:51","date_gmt":"2025-05-05T12:28:51","guid":{"rendered":"https:\/\/demotasarim.site\/ekt\/?post_type=product&#038;p=912"},"modified":"2025-06-27T08:19:34","modified_gmt":"2025-06-27T08:19:34","slug":"jungheinrich-buyuk-bosluk-kapagi-27218150","status":"publish","type":"product","link":"https:\/\/demotasarim.site\/ekt\/jungheinrich-buyuk-bosluk-kapagi-27218150\/","title":{"rendered":"Jungheinrich &#8211; B\u00fcy\u00fck Bo\u015fluk Kapa\u011f\u0131 &#8211; 27218150"},"content":{"rendered":"<p>Marka : JUNGHEINRICH<\/p>\n","protected":false},"excerpt":{"rendered":"<p>Marka : JUNGHEINRICH<\/p>\n","protected":false},"featured_media":1002,"comment_status":"closed","ping_status":"closed","template":"","meta":[],"product_brand":[],"product_cat":[28,27,29],"product_tag":[],"class_list":{"0":"post-912","1":"product","2":"type-product","3":"status-publish","4":"has-post-thumbnail","6":"product_cat-aksesuar-grubu","7":"product_cat-jungheinrich","8":"product_cat-kapaklar","10":"first","11":"instock","12":"taxable","13":"shipping-taxable","14":"purchasable","15":"product-type-simple"},"_links":{"self":[{"href":"https:\/\/demotasarim.site\/ekt\/wp-json\/wp\/v2\/product\/912","targetHints":{"allow":["GET"]}}],"collection":[{"href":"https:\/\/demotasarim.site\/ekt\/wp-json\/wp\/v2\/product"}],"about":[{"href":"https:\/\/demotasarim.site\/ekt\/wp-json\/wp\/v2\/types\/product"}],"replies":[{"embeddable":true,"href":"https:\/\/demotasarim.site\/ekt\/wp-json\/wp\/v2\/comments?post=912"}],"wp:featuredmedia":[{"embeddable":true,"href":"https:\/\/demotasarim.site\/ekt\/wp-json\/wp\/v2\/media\/1002"}],"wp:attachment":[{"href":"https:\/\/demotasarim.site\/ekt\/wp-json\/wp\/v2\/media?parent=912"}],"wp:term":[{"taxonomy":"product_brand","embeddable":true,"href":"https:\/\/demotasarim.site\/ekt\/wp-json\/wp\/v2\/product_brand?post=912"},{"taxonomy":"product_cat","embeddable":true,"href":"https:\/\/demotasarim.site\/ekt\/wp-json\/wp\/v2\/product_cat?post=912"},{"taxonomy":"product_tag","embeddable":true,"href":"https:\/\/demotasarim.site\/ekt\/wp-json\/wp\/v2\/product_tag?post=912"}],"curies":[{"name":"wp","href":"https:\/\/api.w.org\/{rel}","templated":true}]}}