{"id":822,"date":"2025-05-05T12:25:34","date_gmt":"2025-05-05T12:25:34","guid":{"rendered":"https:\/\/demotasarim.site\/ekt\/?post_type=product&#038;p=822"},"modified":"2025-05-05T12:29:04","modified_gmt":"2025-05-05T12:29:04","slug":"tcm-side-shift-kizak-takimi-bronz","status":"publish","type":"product","link":"https:\/\/demotasarim.site\/ekt\/tcm-side-shift-kizak-takimi-bronz\/","title":{"rendered":"Tcm &#8211;  S\u0131de Sh\u0131ft K\u0131zak Tak\u0131m\u0131 Bronz"},"content":{"rendered":"<p>Marka : TCM<\/p>\n<p>Model : T3Z<\/p>\n","protected":false},"excerpt":{"rendered":"<p>Marka : TCM Model : T3Z<\/p>\n","protected":false},"featured_media":917,"comment_status":"closed","ping_status":"closed","template":"","meta":[],"product_brand":[],"product_cat":[49,48],"product_tag":[],"class_list":{"0":"post-822","1":"product","2":"type-product","3":"status-publish","4":"has-post-thumbnail","6":"product_cat-asansor-grubu","7":"product_cat-tcm","9":"first","10":"instock","11":"taxable","12":"shipping-taxable","13":"purchasable","14":"product-type-simple"},"_links":{"self":[{"href":"https:\/\/demotasarim.site\/ekt\/wp-json\/wp\/v2\/product\/822","targetHints":{"allow":["GET"]}}],"collection":[{"href":"https:\/\/demotasarim.site\/ekt\/wp-json\/wp\/v2\/product"}],"about":[{"href":"https:\/\/demotasarim.site\/ekt\/wp-json\/wp\/v2\/types\/product"}],"replies":[{"embeddable":true,"href":"https:\/\/demotasarim.site\/ekt\/wp-json\/wp\/v2\/comments?post=822"}],"wp:featuredmedia":[{"embeddable":true,"href":"https:\/\/demotasarim.site\/ekt\/wp-json\/wp\/v2\/media\/917"}],"wp:attachment":[{"href":"https:\/\/demotasarim.site\/ekt\/wp-json\/wp\/v2\/media?parent=822"}],"wp:term":[{"taxonomy":"product_brand","embeddable":true,"href":"https:\/\/demotasarim.site\/ekt\/wp-json\/wp\/v2\/product_brand?post=822"},{"taxonomy":"product_cat","embeddable":true,"href":"https:\/\/demotasarim.site\/ekt\/wp-json\/wp\/v2\/product_cat?post=822"},{"taxonomy":"product_tag","embeddable":true,"href":"https:\/\/demotasarim.site\/ekt\/wp-json\/wp\/v2\/product_tag?post=822"}],"curies":[{"name":"wp","href":"https:\/\/api.w.org\/{rel}","templated":true}]}}