{"id":1795,"date":"2025-05-05T13:03:29","date_gmt":"2025-05-05T13:03:29","guid":{"rendered":"https:\/\/demotasarim.site\/ekt\/?post_type=product&#038;p=1795"},"modified":"2025-07-29T07:58:18","modified_gmt":"2025-07-29T07:58:18","slug":"combilift-22x50003-basinc-musuru","status":"publish","type":"product","link":"https:\/\/demotasarim.site\/ekt\/combilift-22x50003-basinc-musuru\/","title":{"rendered":"Combilift 22X50003 &#8211; Bas\u0131n\u00e7 M\u00fc\u015f\u00fcr\u00fc"},"content":{"rendered":"<p>Marka : COMB\u0130L\u0130FT<\/p>\n<p>Model : C4000ET<\/p>\n","protected":false},"excerpt":{"rendered":"<p>Marka : COMB\u0130L\u0130FT Model : C4000ET<\/p>\n","protected":false},"featured_media":1889,"comment_status":"closed","ping_status":"closed","template":"","meta":[],"product_brand":[],"product_cat":[28],"product_tag":[],"class_list":{"0":"post-1795","1":"product","2":"type-product","3":"status-publish","4":"has-post-thumbnail","6":"product_cat-aksesuar-grubu","8":"first","9":"instock","10":"taxable","11":"shipping-taxable","12":"purchasable","13":"product-type-simple"},"_links":{"self":[{"href":"https:\/\/demotasarim.site\/ekt\/wp-json\/wp\/v2\/product\/1795","targetHints":{"allow":["GET"]}}],"collection":[{"href":"https:\/\/demotasarim.site\/ekt\/wp-json\/wp\/v2\/product"}],"about":[{"href":"https:\/\/demotasarim.site\/ekt\/wp-json\/wp\/v2\/types\/product"}],"replies":[{"embeddable":true,"href":"https:\/\/demotasarim.site\/ekt\/wp-json\/wp\/v2\/comments?post=1795"}],"wp:featuredmedia":[{"embeddable":true,"href":"https:\/\/demotasarim.site\/ekt\/wp-json\/wp\/v2\/media\/1889"}],"wp:attachment":[{"href":"https:\/\/demotasarim.site\/ekt\/wp-json\/wp\/v2\/media?parent=1795"}],"wp:term":[{"taxonomy":"product_brand","embeddable":true,"href":"https:\/\/demotasarim.site\/ekt\/wp-json\/wp\/v2\/product_brand?post=1795"},{"taxonomy":"product_cat","embeddable":true,"href":"https:\/\/demotasarim.site\/ekt\/wp-json\/wp\/v2\/product_cat?post=1795"},{"taxonomy":"product_tag","embeddable":true,"href":"https:\/\/demotasarim.site\/ekt\/wp-json\/wp\/v2\/product_tag?post=1795"}],"curies":[{"name":"wp","href":"https:\/\/api.w.org\/{rel}","templated":true}]}}