{"id":1764,"date":"2025-05-05T13:02:18","date_gmt":"2025-05-05T13:02:18","guid":{"rendered":"https:\/\/demotasarim.site\/ekt\/?post_type=product&#038;p=1764"},"modified":"2025-07-29T07:54:34","modified_gmt":"2025-07-29T07:54:34","slug":"jungheinrich-51157741-kumanda-elektronigi-eje","status":"publish","type":"product","link":"https:\/\/demotasarim.site\/ekt\/jungheinrich-51157741-kumanda-elektronigi-eje\/","title":{"rendered":"Jungheinrich 51157741 &#8211; KUMANDA ELEKTRON\u0130\u011e\u0130 EJE"},"content":{"rendered":"<p>PAR\u00c7A NO :51157741<\/p>\n<p>MODEL :EJE<\/p>\n<p>MODEL YILI\u00a0 :2007 SONRASI<\/p>\n","protected":false},"excerpt":{"rendered":"<p>PAR\u00c7A NO :51157741<\/p>\n<p>MODEL :EJE<\/p>\n<p>MODEL YILI\u00a0 :2007 SONRASI<\/p>\n","protected":false},"featured_media":1865,"comment_status":"closed","ping_status":"closed","template":"","meta":[],"product_brand":[],"product_cat":[53,27,51],"product_tag":[],"class_list":{"0":"post-1764","1":"product","2":"type-product","3":"status-publish","4":"has-post-thumbnail","6":"product_cat-elektronik-kart","7":"product_cat-jungheinrich","8":"product_cat-kumanda","10":"first","11":"instock","12":"taxable","13":"shipping-taxable","14":"purchasable","15":"product-type-simple"},"_links":{"self":[{"href":"https:\/\/demotasarim.site\/ekt\/wp-json\/wp\/v2\/product\/1764","targetHints":{"allow":["GET"]}}],"collection":[{"href":"https:\/\/demotasarim.site\/ekt\/wp-json\/wp\/v2\/product"}],"about":[{"href":"https:\/\/demotasarim.site\/ekt\/wp-json\/wp\/v2\/types\/product"}],"replies":[{"embeddable":true,"href":"https:\/\/demotasarim.site\/ekt\/wp-json\/wp\/v2\/comments?post=1764"}],"wp:featuredmedia":[{"embeddable":true,"href":"https:\/\/demotasarim.site\/ekt\/wp-json\/wp\/v2\/media\/1865"}],"wp:attachment":[{"href":"https:\/\/demotasarim.site\/ekt\/wp-json\/wp\/v2\/media?parent=1764"}],"wp:term":[{"taxonomy":"product_brand","embeddable":true,"href":"https:\/\/demotasarim.site\/ekt\/wp-json\/wp\/v2\/product_brand?post=1764"},{"taxonomy":"product_cat","embeddable":true,"href":"https:\/\/demotasarim.site\/ekt\/wp-json\/wp\/v2\/product_cat?post=1764"},{"taxonomy":"product_tag","embeddable":true,"href":"https:\/\/demotasarim.site\/ekt\/wp-json\/wp\/v2\/product_tag?post=1764"}],"curies":[{"name":"wp","href":"https:\/\/api.w.org\/{rel}","templated":true}]}}