{"id":1713,"date":"2025-05-05T13:00:18","date_gmt":"2025-05-05T13:00:18","guid":{"rendered":"https:\/\/demotasarim.site\/ekt\/?post_type=product&#038;p=1713"},"modified":"2025-07-29T07:44:26","modified_gmt":"2025-07-29T07:44:26","slug":"jungheinrich-51236012-direksiyon-karti-efg","status":"publish","type":"product","link":"https:\/\/demotasarim.site\/ekt\/jungheinrich-51236012-direksiyon-karti-efg\/","title":{"rendered":"Jungheinrich 51236012 &#8211; D\u0130REKS\u0130YON KARTI EFG"},"content":{"rendered":"<p>PAR\u00c7A NO :51236012<\/p>\n<p>KART NO :51225602 AS4803Z \u0130ND A<\/p>\n<p>MODEL :EFG 216-220<\/p>\n<p>MODEL YILI :2010-2016<\/p>\n","protected":false},"excerpt":{"rendered":"<p>PAR\u00c7A NO :51236012<\/p>\n<p>KART NO :51225602 AS4803Z \u0130ND A<\/p>\n<p>MODEL :EFG 216-220<\/p>\n<p>MODEL YILI :2010-2016<\/p>\n","protected":false},"featured_media":1817,"comment_status":"closed","ping_status":"closed","template":"","meta":[],"product_brand":[],"product_cat":[53,27],"product_tag":[],"class_list":{"0":"post-1713","1":"product","2":"type-product","3":"status-publish","4":"has-post-thumbnail","6":"product_cat-elektronik-kart","7":"product_cat-jungheinrich","9":"first","10":"instock","11":"taxable","12":"shipping-taxable","13":"purchasable","14":"product-type-simple"},"_links":{"self":[{"href":"https:\/\/demotasarim.site\/ekt\/wp-json\/wp\/v2\/product\/1713","targetHints":{"allow":["GET"]}}],"collection":[{"href":"https:\/\/demotasarim.site\/ekt\/wp-json\/wp\/v2\/product"}],"about":[{"href":"https:\/\/demotasarim.site\/ekt\/wp-json\/wp\/v2\/types\/product"}],"replies":[{"embeddable":true,"href":"https:\/\/demotasarim.site\/ekt\/wp-json\/wp\/v2\/comments?post=1713"}],"wp:featuredmedia":[{"embeddable":true,"href":"https:\/\/demotasarim.site\/ekt\/wp-json\/wp\/v2\/media\/1817"}],"wp:attachment":[{"href":"https:\/\/demotasarim.site\/ekt\/wp-json\/wp\/v2\/media?parent=1713"}],"wp:term":[{"taxonomy":"product_brand","embeddable":true,"href":"https:\/\/demotasarim.site\/ekt\/wp-json\/wp\/v2\/product_brand?post=1713"},{"taxonomy":"product_cat","embeddable":true,"href":"https:\/\/demotasarim.site\/ekt\/wp-json\/wp\/v2\/product_cat?post=1713"},{"taxonomy":"product_tag","embeddable":true,"href":"https:\/\/demotasarim.site\/ekt\/wp-json\/wp\/v2\/product_tag?post=1713"}],"curies":[{"name":"wp","href":"https:\/\/api.w.org\/{rel}","templated":true}]}}