{"id":1670,"date":"2025-05-05T12:58:46","date_gmt":"2025-05-05T12:58:46","guid":{"rendered":"https:\/\/demotasarim.site\/ekt\/?post_type=product&#038;p=1670"},"modified":"2025-07-28T13:34:10","modified_gmt":"2025-07-28T13:34:10","slug":"jungheinrich-51003138-yuruyus-karti-etv-m","status":"publish","type":"product","link":"https:\/\/demotasarim.site\/ekt\/jungheinrich-51003138-yuruyus-karti-etv-m\/","title":{"rendered":"Jungheinrich 51003138 &#8211; Y\u00dcR\u00dcY\u00dc\u015e KARTI ETV\/M"},"content":{"rendered":"<p>PAR\u00c7A NO :51003138<\/p>\n<p>KART NO :50460982 AS4814\u0130<\/p>\n<p>MODEL : ETV\/M\u00a0 110-112-114-116<\/p>\n<p>MODEL YILI : 2005-2014<\/p>\n","protected":false},"excerpt":{"rendered":"<p>PAR\u00c7A NO :51003138<\/p>\n<p>KART NO :50460982 AS4814\u0130<\/p>\n<p>MODEL : ETV\/M\u00a0 110-112-114-116<\/p>\n<p>MODEL YILI : 2005-2014<\/p>\n","protected":false},"featured_media":1777,"comment_status":"closed","ping_status":"closed","template":"","meta":[],"product_brand":[],"product_cat":[53,27],"product_tag":[],"class_list":{"0":"post-1670","1":"product","2":"type-product","3":"status-publish","4":"has-post-thumbnail","6":"product_cat-elektronik-kart","7":"product_cat-jungheinrich","9":"first","10":"instock","11":"taxable","12":"shipping-taxable","13":"purchasable","14":"product-type-simple"},"_links":{"self":[{"href":"https:\/\/demotasarim.site\/ekt\/wp-json\/wp\/v2\/product\/1670","targetHints":{"allow":["GET"]}}],"collection":[{"href":"https:\/\/demotasarim.site\/ekt\/wp-json\/wp\/v2\/product"}],"about":[{"href":"https:\/\/demotasarim.site\/ekt\/wp-json\/wp\/v2\/types\/product"}],"replies":[{"embeddable":true,"href":"https:\/\/demotasarim.site\/ekt\/wp-json\/wp\/v2\/comments?post=1670"}],"wp:featuredmedia":[{"embeddable":true,"href":"https:\/\/demotasarim.site\/ekt\/wp-json\/wp\/v2\/media\/1777"}],"wp:attachment":[{"href":"https:\/\/demotasarim.site\/ekt\/wp-json\/wp\/v2\/media?parent=1670"}],"wp:term":[{"taxonomy":"product_brand","embeddable":true,"href":"https:\/\/demotasarim.site\/ekt\/wp-json\/wp\/v2\/product_brand?post=1670"},{"taxonomy":"product_cat","embeddable":true,"href":"https:\/\/demotasarim.site\/ekt\/wp-json\/wp\/v2\/product_cat?post=1670"},{"taxonomy":"product_tag","embeddable":true,"href":"https:\/\/demotasarim.site\/ekt\/wp-json\/wp\/v2\/product_tag?post=1670"}],"curies":[{"name":"wp","href":"https:\/\/api.w.org\/{rel}","templated":true}]}}