{"id":1219,"date":"2025-05-05T12:40:20","date_gmt":"2025-05-05T12:40:20","guid":{"rendered":"https:\/\/demotasarim.site\/ekt\/?post_type=product&#038;p=1219"},"modified":"2025-07-28T07:44:18","modified_gmt":"2025-07-28T07:44:18","slug":"jungheinrich-51267083-motor-devir-sicaklik-sensoru-uzun","status":"publish","type":"product","link":"https:\/\/demotasarim.site\/ekt\/jungheinrich-51267083-motor-devir-sicaklik-sensoru-uzun\/","title":{"rendered":"Jungheinrich 51267083 &#8211; Motor Devir S\u0131cakl\u0131k Sens\u00f6r\u00fc Uzun"},"content":{"rendered":"<p>Marka: JUNGHE\u0130NR\u0130CH<\/p>\n<p>Model : YEN\u0130<\/p>\n","protected":false},"excerpt":{"rendered":"<p>Marka: JUNGHE\u0130NR\u0130CH Model : YEN\u0130<\/p>\n","protected":false},"featured_media":1309,"comment_status":"closed","ping_status":"closed","template":"","meta":[],"product_brand":[],"product_cat":[27,35],"product_tag":[],"class_list":{"0":"post-1219","1":"product","2":"type-product","3":"status-publish","4":"has-post-thumbnail","6":"product_cat-jungheinrich","7":"product_cat-sensorler","9":"first","10":"instock","11":"taxable","12":"shipping-taxable","13":"purchasable","14":"product-type-simple"},"_links":{"self":[{"href":"https:\/\/demotasarim.site\/ekt\/wp-json\/wp\/v2\/product\/1219","targetHints":{"allow":["GET"]}}],"collection":[{"href":"https:\/\/demotasarim.site\/ekt\/wp-json\/wp\/v2\/product"}],"about":[{"href":"https:\/\/demotasarim.site\/ekt\/wp-json\/wp\/v2\/types\/product"}],"replies":[{"embeddable":true,"href":"https:\/\/demotasarim.site\/ekt\/wp-json\/wp\/v2\/comments?post=1219"}],"wp:featuredmedia":[{"embeddable":true,"href":"https:\/\/demotasarim.site\/ekt\/wp-json\/wp\/v2\/media\/1309"}],"wp:attachment":[{"href":"https:\/\/demotasarim.site\/ekt\/wp-json\/wp\/v2\/media?parent=1219"}],"wp:term":[{"taxonomy":"product_brand","embeddable":true,"href":"https:\/\/demotasarim.site\/ekt\/wp-json\/wp\/v2\/product_brand?post=1219"},{"taxonomy":"product_cat","embeddable":true,"href":"https:\/\/demotasarim.site\/ekt\/wp-json\/wp\/v2\/product_cat?post=1219"},{"taxonomy":"product_tag","embeddable":true,"href":"https:\/\/demotasarim.site\/ekt\/wp-json\/wp\/v2\/product_tag?post=1219"}],"curies":[{"name":"wp","href":"https:\/\/api.w.org\/{rel}","templated":true}]}}